33271 composite?
True
Is 29253046517 prime?
True
Is 476284187 a prime number?
True
Is 1426896101 composite?
False
Is 469324781 a composite number?
False
Is 8687668937 prime?
True
Is 3330292549 prime?
True
Is 44132310037 a composite number?
True
Is 83954523287 prime?
False
Is 130774054811 a prime number?
False
Is 4379051477 composite?
True
Is 9958350509 a prime number?
False
Is 2029948267 a prime number?
True
Is 860571221 a prime number?
True
Is 1804605689 composite?
True
Is 4759052827 prime?
True
Is 10920047 composite?
True
Is 22160463167 composite?
False
Is 171016885613 prime?
False
Is 7439692817 a prime number?
True
Is 68482451 a prime number?
False
Is 557346835 composite?
True
Is 33213603349 composite?
True
Is 195108937 a composite number?
False
Is 4665914927 composite?
True
Is 3111105473 a prime number?
False
Is 328328081 composite?
False
Is 24462874069 a composite number?
True
Is 73028737 prime?
False
Is 2734971913 a composite number?
False
Is 57307702033 composite?
False
Is 25588790427 a composite number?
True
Is 335970917 a composite number?
False
Is 13433030629 composite?
True
Is 27081347849 prime?
False
Is 19774629493 prime?
True
Is 1332356689 a composite number?
False
Is 3818340143 composite?
False
Is 10222151087 composite?
False
Is 8287238903 a prime number?
True
Is 840496267 composite?
True
Is 12942582623 prime?
False
Is 7931003 a composite number?
False
Is 828493687 composite?
True
Is 9413863477 composite?
False
Is 683525317 prime?
True
Is 1663702507 prime?
True
Is 649254101 a composite number?
False
Is 385889093 a composite number?
True
Is 2443965037 prime?
True
Is 163717573039 composite?
True
Is 2104552817 a prime number?
False
Is 37457480449 a prime number?
True
Is 8045945989 a composite number?
True
Is 18400595503 a prime number?
True
Is 22084364773 composite?
True
Is 373041787 composite?
True
Is 150550202681 a composite number?
True
Is 461324323 a composite number?
False
Is 669751507 prime?
False
Is 131940323 a composite number?
False
Is 25884208151 prime?
False
Is 57793399 prime?
True
Is 62274409097 prime?
True
Is 2206832113 a composite number?
False
Is 54453878363 a composite number?
True
Is 9307424402 a composite number?
True
Is 44289689 composite?
True
Is 2092116538 composite?
True
Is 8399270647 prime?
True
Is 82423258231 a composite number?
True
Is 745183519 composite?
False
Is 4152735029 composite?
True
Is 4378920409 prime?
False
Is 13599223181 a prime number?
True
Is 852386963 prime?
False
Is 16897298857 a composite number?
True
Is 10629381241 composite?
True
Is 338449691 composite?
True
Is 1634661439 a composite number?
False
Is 10343254267 composite?
True
Is 32562516755 composite?
True
Is 266288677 a composite number?
True
Is 19504567541 a composite number?
False
Is 2136236969 prime?
True
Is 46143161 prime?
False
Is 93416207839 prime?
False
Is 3213778837 composite?
True
Is 4513683257 a prime number?
False
Is 4554449701 a prime number?
False
Is 1870702451 composite?
False
Is 3388679417 prime?
True
Is 920519347 prime?
False
Is 161347477505 prime?
False
Is 388295773 a composite number?
True
Is 589333557 composite?
True
Is 31370076493 composite?
True
Is 65029603979 a prime number?
False
Is 1054107815 a composite number?
True
Is 62963807 prime?
True
Is 25063952267 a composite number?
False
Is 475553293 a composite number?
False
Is 326099069 composite?
False
Is 50315963491 prime?
False
Is 1266473249 composite?
True
Is 626734687 a prime number?
True
Is 2313965611 a composite number?
False
Is 73350187 prime?
True
Is 82159232063 a prime number?
False
Is 22704724883 prime?
False
Is 1173490727 a composite number?
True
Is 21743451437 a composite number?
True
Is 9544016843 a prime number?
False
Is 3302168117 prime?
False
Is 312066977 a composite number?
True
Is 587904103 composite?
True
Is 2954926511 a composite number?
False
Is 3846288601 prime?
False
Is 164992178719 a prime number?
True
Is 5878323203 composite?
False
Is 2203162499 composite?
True
Is 18022927633 composite?
False
Is 8319163579 prime?
True
Is 4679793295 prime?
False
Is 8556769709 a composite number?
True
Is 55422869969 a composite number?
False
Is 495482753 a prime number?
False
Is 17680395143 a composite number?
False
Is 73073681713 a composite number?
True
Is 165094547 composite?
False
Is 9305236019 composite?
True
Is 14141047 composite?
False
Is 12897562789 prime?
False
Is 3433140331 a composite number?
True
Is 24867845627 composite?
False
Is 34335264703 composite?
True
Is 47424175961 composite?
False
Is 1226808697 a prime number?
False
Is 32790086759 composite?
True
Is 61866634143 prime?
False
Is 268656821 composite?
False
Is 1972675949 a prime number?
False
Is 73396662373 composite?
True
Is 80159877881 a composite number?
True
Is 2431225399 a composite number?
True
Is 23972928347 a composite number?
False
Is 833922673 composite?
True
Is 1818386935 a prime number?
False
Is 10256889523 a composite number?
False
Is 106967956093 prime?
True
Is 16624032434 a prime number?
False
Is 103566331 a prime number?
False
Is 7378551007 composite?
True
Is 6583052869 prime?
True
Is 1447929381 prime?
False
Is 3189620663 a composite number?
False
Is 1106536427 composite?
False
Is 4093188109 a composite number?
True
Is 103557820711 prime?
True
Is 153866759 a prime number?
True
Is 25034175961 composite?
False
Is 4566403679 composite?
False
Is 5106066989 prime?
True
Is 119801837 a prime number?
True
Is 4691610961 a prime number?
True
Is 315034817 composite?
False
Is 475237949 prime?
True
Is 3645603491 composite?
False
Is 2143119049 a composite number?
False
Is 6521377111 prime?
False
Is 3439619059 a prime number?
True
Is 351124771 a composite number?
True
Is 277006594 a prime number?
False
Is 6464287754 a prime number?
False
Is 1046562833 prime?
True
Is 624036461 a prime number?
True
Is 9998140051 prime?
True
Is 147752041 a composite number?
True
Is 18192415783 prime?
False
Is 608242397 a prime number?
False
Is 7026695779 a prime number?
False
Is 1950801299 prime?
True
Is 679574443 a composite number?
True
Is 1448614327 a composite number?
False
Is 126804285357 a composite number?
True
Is 99087605951 prime?
False
Is 2292838931 a composite number?
False
Is 493947551 a prime number?
False
Is 3522626651 composite?
True
Is 3921091453 a prime number?
True
Is 31258457 a composite number?
True
Is 341685209 prime?
True
Is 1027083073 composite?
True
Is 443339461 prime?
False
Is 174490565497 a prime number?
True
Is 10433157059 prime?
False
Is 302350487 a composite number?
False
Is 64656754639 a prime number?
True
Is 6011540081 prime?
False
Is 9771077941 composite?
False
Is 766248529 a prime number?
True
Is 30660929171 prime?
False
Is 15590227951 prime?
True
Is 1634020579 a prime number?
False
Is 6440519443 prime?
False
Is 1921385233 a composite number?
False
Is 96655813129 a prime number?
True
Is 339675451 a prime number?
True
Is 1143394237 prime?
True
Is 105418540259 prime?
False
Is 48139261019 prime?
True
Is 2880784163 a composite number?
False
Is 2198975771 composite?
False
Is 8481835246 composite?
True
Is 4451256827 a composite number?
False
Is 129710079779 a prime number?
False
Is 203055847 a prime number?
False
Is 1701306302 composite?
True
Is 24740840897 a composite number?
False
Is 20136551137 composite?
False
Is 7322069155 prime?
False
Is 262936517 a composite number?
False
Is 5861462903 prime?
True
Is 14215399291 prime?
False
Is 231281693 a composite number?
False
Is 23344883239 a prime number?
True
Is 193006895 composite?
True
Is 13359348791 prime?
False
Is 2543635145 a prime number?
False
Is 39173514599 a composite number?
True
Is 364975847 a composite number?
False
Is 15263713301 a prime number?
True
Is 784958177 a composite number?
False
Is 12983246021 a prime number?
False
Is 4496779403 prime?
False
Is 69763850333 a prime number?
False
Is 54111236843 a composite number?
True
Is 10665432329 prime?
True
Is 1384413083 a prime number?
True
Is 42481135715 prime?
False
Is 17101707347 a prime number?
False
Is 1657325323 a prime number?
True
Is 908460743 a composite number?
True
Is 134052283 prime?
False
Is 1256199607 a composite number?
True
Is 1837690567 a composite number?
False
Is 2331212207 a composite number?
False
Is 31464825871 a prime number?
True
Is 6795905455 a compos